 of s and b?
14
Let j(w) = 21*w + 57. Let b be j(-4). Let p = 98 - 59. Let r = p + b. What is the greatest common factor of 4 and r?
4
Let u(q) = 261*q**2 + 37*q + 36. Let p be u(-1). Calculate the greatest common divisor of p and 65.
65
Let l be -4 - -2*(-57)/(-3). Suppose 126 = 8*d - l. What is the highest common factor of d and 4?
4
Let z(o) = -o**3 - 2*o**2 - 16. Let p be z(-3). Let m be ((-6)/p)/((-14607)/1827 - -8). What is the greatest common divisor of 58 and m?
58
Let m = -22 + 38. Let l be 6/(-14) - (-3)/((-105)/(-19195)). Let s = l - 372. Calculate the greatest common factor of s and m.
16
Let c be (412/(-16))/(6/(-240)). Calculate the highest common factor of 30 and c.
10
Let l = -59 + -38. Let u = 111 + l. Suppose -2*q = -u*q + 324. What is the greatest common factor of 81 and q?
27
Let o be 16/(-6)*(-126)/56. Suppose -f + o = 5*t - t, t + 3*f = -4. Suppose q + 0 - 2 = 0. What is the highest common divisor of q and t?
2
Suppose -3*a - 2*k + 823 = 0, -2 = 3*k + 1. Suppose -680 + 215 = -4*l - 5*p, -425 = -4*l + 3*p. Calculate the highest common divisor of a and l.
55
Let a be (-24)/6 + (-81)/(-3 + 0). Let n be a + 3/(-3) - (-4 - 0). Calculate the highest common divisor of 130 and n.
26
Let t(j) = 181*j - 2692. Let s be t(15). Let l = 80 - 448. Let r be l/6*(1 + -4). Calculate the highest common factor of s and r.
23
Let k(x) = -125*x - 8. Let n be k(-1). Suppose 2*y + 1 = -r, -54 = -5*r + 2*y + 1. What is the highest common factor of n and r?
9
Let t = 1609 - -2252. What is the highest common factor of 108 and t?
27
Let c(k) = 11*k**2 - 498*k + 152. Let x be c(45). Calculate the highest common factor of 1700 and x.
17
Let k = 609 + -604. Suppose 5*c + 9*b - 3833 = 11*b, 20 = -k*b. Calculate the greatest common divisor of 170 and c.
85
Let q be ((-4)/(-3))/(2/234). Suppose 2*c = 7*c - 3*b + 1799, 3*c = b - 1077. Let d = c - -371. Calculate the greatest common factor of q and d.
13
Suppose 164*s - 14960 = 96*s. Let o = 16 + 28. What is the greatest common divisor of s and o?
44
Let c be 36/108 - 265/(-15). Suppose -21 = -2*u + k + 2*k, 4*u - 57 = 3*k. Calculate the greatest common divisor of u and c.
18
Suppose -3626 = 21*b - 9863. What is the highest common divisor of 1080 and b?
27
Let q = -628 + 1199. Let v = -382 + q. Calculate the highest common divisor of 18 and v.
9
Let a(h) = 9*h + 45. Let r be a(-5). Suppose 2130 = -r*v + 15*v. What is the greatest common factor of v and 71?
71
Let k(b) = -b**3 + 35*b**2 + 19*b - 178. Let v be k(33). What is the greatest common divisor of 37 and v?
37
Suppose -19*h = -81719 + 722. What is the highest common divisor of 49 and h?
49
Suppose 0 = 43*f - 30*f + 182. Let r(n) = -7*n - 80. Let z be r(f). Calculate the greatest common factor of 288 and z.
18
Suppose 0 = b + 1 + 3. Let x be ((-13)/(-4))/(b/(-16)). Let z = -215 - -306. What is the greatest common factor of x and z?
13
Let o(m) = 3*m**3 - 16*m**2 - 15*m - 6. Let h be o(-4). Let k be (0 - 6) + (-37 - h). What is the greatest common factor of 26 and k?
13
Let w be 38 + 1 + (5 - (-11 + 1)/(-2)). What is the greatest common divisor of 2379 and w?
39
Let d(i) = 15*i**3 + 9*i**2 + 14*i - 10. Let x be d(-4). Let u = 1017 + x. Calculate the greatest common divisor of 5 and u.
5
Suppose 15985 = 51*m - 20276. What is the highest common factor of m and 316?
79
Let h be 7915/(-5)*(6 + -3 - 5). Suppose u = 5*a + 1068, -u + 4*u + 4*a - h = 0. Calculate the greatest common factor of u and 46.
46
Let g be 4/6*6 + -1. Suppose 4*c - 5*c = -23. Suppose -c*o = 2*o - 300. Calculate the highest common factor of o and g.
3
Let l = -10428 + 10444. Calculate the highest common factor of 368 and l.
16
Suppose -3*m + 3 = -4*w + 4, 0 = 4*m - 3*w - 8. Let z(s) = 28*s - 9. Let p be z(3). Calculate the highest common factor of p and m.
5
Let q = 1150 - -71. Calculate the greatest common divisor of q and 333.
111
Let q be 1*109*(-16)/4*(-72)/32. What is the greatest common divisor of 6 and q?
3
Suppose -f + 5*m - 3 = 0, 0*f = -5*f + m + 57. Suppose 0 = -3*y - 6*s - 49 + 73, 0 = 5*y - 5*s - 10. Calculate the highest common divisor of f and y.
4
Let v = 271536 - 271470. Let y = 377 + 52. Calculate the greatest common factor of y and v.
33
Suppose 6 + 49 = 5*h - 5*m, 3*h + m = 49. Let z be -3 - -147*8/12. Calculate the highest common factor of z and h.
5
Suppose h = -h + 3*f + 503, 15 = 3*f. Calculate the greatest common factor of 21 and h.
7
Let m(y) = -y**3 - 7*y**2 + 4*y - 6. Let b be m(-8). Let g = -16 + b. Suppose 0 = -c + 7 - 10, 5*s = -c + 197. What is the highest common divisor of s and g?
10
Suppose 0 = -a + 4*y - 36, 4*a + 4*y + 34 + 130 = 0. Let x be (570/a)/((-2)/16). Suppose -10*u + x = -276. What is the greatest common divisor of u and 351?
39
Let n(u) = u - 8. Let g be n(11). Let v(o) = 7*o**3 + o**2 + 2*o + 6. Let w be v(g). Let y = w - 138. Calculate the greatest common factor of y and 9.
9
Suppose -59 = -5*o - 2*m - 6, -5*o - 3*m = -57. Calculate the highest common divisor of 5571 and o.
9
Let s(l) = -10*l - 82. Let j be -18*(-4 + 9/2). Let i be s(j). Let q = 176 - 104. What is the greatest common factor of i and q?
8
Suppose 57 = 3*g + 3*s, 4*g + 25*s - 34 = 28*s. Calculate the greatest common factor of g and 6877.
13
Suppose -123*y = -118*y - 525. Suppose -f - 2*f - 3*h = -y, -43 = -f - 5*h. What is the greatest common factor of f and 429?
33
Let r(p) = p**3 + 7*p**2 + 6*p - 15. Let b be r(-5). Suppose 8*j - 159 = 4*j + b*y, 5*j - 4*y = 210. What is the greatest common factor of j and 138?
46
Suppose -26862 = -48*l - 73*l. Calculate the highest common factor of 162 and l.
6
Suppose -74*b + 1424 = -82*b. Let r = b - -223. Calculate the highest common divisor of 150 and r.
15
Let o(k) be the second derivative of 4/3*k**3 + 0 + 5*k - 5/12*k**4 - k**2 + 1/10*k**5. Let y be o(3). Calculate the greatest common factor of y and 341.
31
Let g(d) = -2*d + 3 + d + 4*d + 4*d**2. Let p be g(-2). Let z be 2*14/4 + (6 + 0 - 12). Calculate the greatest common divisor of p and z.
1
Suppose -7*j = -75 - 58. Let n = j + -58. Let c = n + 53. Calculate the highest common divisor of 98 and c.
14
Suppose 62539 = 10*x + 8284 + 285. What is the greatest common divisor of x and 84?
21
Suppose 4*b + 2*v - 98 = 0, 154*b + 113 = 158*b - 3*v. Suppose -2*j = -4*j - 2. Let z be 287 + (-2)/((-2)/j). Calculate the highest common factor of b and z.
26
Let a = -8826 - -10157. What is the highest common factor of a and 484?
121
Let j be (-1350)/(-24) + (-24)/(-32). Let m be (5 - 7) + (-6)/((-9)/3). Suppose m = -2*n - 3 + 41. What is the highest common divisor of n and j?
19
Suppose -5*k - 2*o = -6167, -3*k - 2*o = 613 - 4310. Calculate the greatest common divisor of k and 520.
65
Suppose 0 = 2*y - 23*y - 3*y + 2832. Calculate the highest common factor of y and 1534.
118
Let r = 8020 + -7994. Calculate the highest common factor of r and 91.
13
Let p = 3970 - 3895. Calculate the highest common divisor of 25 and p.
25
Suppose -94*d - 4*n = -99*d + 40770, 0 = -4*d - 2*n + 32616. Calculate the highest common factor of 54 and d.
54
Suppose -646*v + 323*v - 54 = -325*v. Let m be (-1136)/(-6) - 2/6. What is the highest common factor of m and v?
27
Let v be 1100/(-40) - 2/(-4). Let k = v + 3. Let q = 54 + k. Calculate the highest common factor of 10 and q.
10
Suppose -6*k = -k. Suppose 3*n - 2*i - 22 - 62 = 0, k = 5*n + i - 127. What is the greatest common divisor of 6 and n?
2
Let z(i) = 2*i - 16. Let u be z(10). Let l(w) = -10*w + 6. Let a be l(u). Let t = 106 + a. What is the greatest common factor of t and 180?
36
Let n = -21361 - -21366. What is the greatest common divisor of 10605 and n?
5
Let r(a) = a**2 - 5*a - 24. Let y be r(10). Let j be (3 - 28/8)*2*-26. Calculate the highest common divisor of j and y.
26
Let k(y) = -y + 17. Let d = -1 - -13. Let i be k(d). Suppose 5*s - s + 16*s = 200. Calculate the highest common factor of i and s.
5
Let j be (-1023)/143 + (-2)/(-13). Let p(h) = -h**2 - 6*h + 10. Let c be p(j). Let b be ((-130)/20)/(c/(-6)). Calculate the greatest common factor of 13 and b.
13
Let t = 3700 + -2197. What is the highest common factor of t and 1169?
167
Suppose 0 = 5*j - 5*q - 5030, j - 2*j + 5*q = -990. What is the highest common divisor of j and 30?
10
Suppose 0*